Suppose -4*k + 5*k = -4*r + 38, 2*r - 4*k = 28. Calculate the greatest common factor of y and r.
10
Let m(q) = 84*q + 4060. Let h be m(-48). What is the greatest common divisor of h and 371?
7
Suppose 0 = 4*f + f. Let h(u) = -2*u**2 - 31*u + 62. Let p be h(-17). Suppose f = 7*o - p*o + 32. What is the greatest common divisor of 12 and o?
4
Let y be 24/(2/1) + -1. Let j(g) = -g**3 - 9*g**2 - 6*g - 2. Let t be j(-9). Suppose -31*q = -2439 + t. What is the greatest common divisor of y and q?
11
Let m(i) = i**3 - 15*i**2 - 34*i + 9. Let l be m(17). Suppose -l*x - 132 = -15*x. What is the highest common divisor of 176 and x?
22
Suppose -11*o + 2893 = 2189. Calculate the highest common divisor of 1392 and o.
16
Let d(t) = -t**2 + 31*t - 79. Let a be d(28). Suppose -a*q + s - 2 = -42, 0 = 5*s. What is the greatest common divisor of q and 3?
1
Let b = 75 + -147. Let i = -157 - -236. Let r = i + b. Calculate the greatest common factor of r and 77.
7
Let d(f) = -922*f + 364. Let x be d(0). Let v be ((-7)/2 + 0)*-8. Calculate the highest common divisor of v and x.
28
Suppose -344*z = -122*z - 2664. What is the greatest common factor of z and 1986?
6
Let n(d) = d**3 + 13*d**2 - d - 10. Let l be n(-13). Let y = l + 4. Let i = -695 - -744. Calculate the greatest common divisor of y and i.
7
Suppose -2*a + 304 = -0*a. Suppose -3*c - 90 + 90 = 0. Suppose c = -2*y - 2*f + 74, 0 = -2*y + y - 2*f + 36. What is the highest common factor of y and a?
38
Suppose 8*x - 14*x + 22*x = 3328. Calculate the greatest common factor of 611 and x.
13
Suppose -768 - 202 = -j + 2572. Calculate the greatest common factor of j and 154.
154
Suppose 0 = 3*r - x - 146, -5*r + 3*x = x - 244. Suppose 0 = 6*d - 12*d + r. Let i = 32 - d. Calculate the greatest common factor of i and 6.
6
Let f be (-3 - 9)*-21*(-7)/(-126). Let k = 68 + -1. Let n = k + -39. Calculate the highest common factor of f and n.
14
Let b = -68 - -128. Calculate the highest common factor of b and 2420.
20
Let p = 5174 - 4955. What is the greatest common divisor of p and 292?
73
Let g(y) = -35 - 12*y**2 + y**3 + 37 + 2*y**2. Let v be g(10). Let d = 1570 + -1560. Calculate the greatest common factor of v and d.
2
Let g(l) be the second derivative of l**5/20 + l**3/6 - 4*l**2 + 61*l. Let p be g(3). What is the greatest common divisor of 11 and p?
11
Suppose 2*h = -285 + 387. Calculate the highest common factor of 697 and h.
17
Let n(v) = v**3 + 46*v**2 - 85*v + 636. Let k be n(-48). Calculate the highest common factor of 5076 and k.
108
Let a = -5783 + 7709. Calculate the highest common divisor of a and 18.
18
Let v = -1105 - -1122. Suppose -c = 4*c - 340. What is the highest common factor of c and v?
17
Suppose 501 = v - 2*d, 4356*d + 1058 = 2*v + 4360*d. What is the greatest common factor of v and 8343?
103
Let z(m) = -18*m - 3. Let q = 30 - 32. Let a be z(q). Suppose -a + 69 = w. What is the highest common factor of w and 4?
4
Suppose 3*l = l - 3*v + 29, 2*l - 3*v - 35 = 0. Let a(b) = 33*b - 67*b - l + 26*b. Let s be a(-7). Calculate the highest common divisor of 4 and s.
4
Let t(z) = 30*z**2 + 6*z + 3. Let q be t(-2). Let b = 135 - q. Calculate the greatest common divisor of b and 3.
3
Suppose 0 = 5*k + 5*p - 1975, -392 = -3*k - 5*p + 785. What is the greatest common divisor of 21 and k?
21
Suppose 0 = 3*t - 2*l - 96, 0 = 89*t - 94*t - l + 173. Calculate the highest common divisor of 901 and t.
17
Suppose -224 + 250 - 6923 = -121*r. Calculate the highest common divisor of r and 1577.
19
Let z be (9/(-6))/(77/(-28) - -2). Suppose -z*q = -283 - 89. Calculate the greatest common divisor of 62 and q.
62
Let j(c) = -2*c**3 - 26*c**2 - 8*c - 32. Let x be j(-13). Suppose 8*g = 6*g + 58. Suppose -3*u - g = -173. What is the highest common divisor of x and u?
24
Let w be 1*36 + ((-15)/10)/(5/(-10)). What is the highest common factor of 519 and w?
3
Let z = 20 + -20. Let f be z/(2 - 1) - 1 - 0. Let y be (f/(-2)*-1)/(1/(-264)). What is the highest common divisor of y and 33?
33
Suppose -j + 924 = 2*j. Let y(t) = 79*t + 293. Let v be y(-3). What is the greatest common divisor of j and v?
28
Let f(q) = 2*q**3 + 6*q**2 + 3*q. Let b be f(-4). Let m = b + 29. Let a be ((-6)/4)/(m/70). Calculate the greatest common divisor of a and 63.
7
Suppose l + 81 = 4*l. Suppose -29*n - 2 = -l*n. Let j be (10/(-1 + n))/(-1). What is the greatest common factor of 45 and j?
5
Suppose 27 = -0*h + h. Suppose -5*c = -6 - 219. Let k = c - 9. What is the highest common divisor of h and k?
9
Suppose -150 + 605 = 15*g + 20*g. Calculate the greatest common factor of g and 12181.
13
Let j be (-12)/14 + 102795/735. What is the highest common divisor of j and 556?
139
Let n be (18 - 0)/(-6)*-5. Suppose 6*b + n = 9*b, -2*s - 5*b + 37 = 0. Let j(v) = -6*v + 6. Let f be j(-8). Calculate the greatest common divisor of f and s.
6
Let v be 1513 + (-198)/(-30) + (-12)/(-30). What is the highest common divisor of 160 and v?
80
Let d = 272 - 15. Calculate the greatest common factor of 20817 and d.
257
Let d(t) = 93*t + 1126. Let r be d(-10). Calculate the greatest common factor of r and 36.
4
Suppose j + s - 1 = 0, 0*s - 5*s = 3*j - 1. Let k be (3 + -3)/j - (-217 - 3). Let l = -14 - -34. Calculate the greatest common factor of k and l.
20
Let c be (-524)/4*(-141 + -77). Calculate the greatest common factor of 218 and c.
218
Let m(s) = 18 - 39 + 19 - 14*s**2 + 34*s**2. Let j be m(5). Suppose -636 = -6*k + j. What is the highest common divisor of k and 21?
21
Suppose 0 = -4*d + 5*h + 60, -40*d + 4*h = -43*d + 14. Let a(f) = -f**2 + 19*f - 60. Let g be a(d). Calculate the greatest common divisor of g and 15.
15
Suppose 0 = -r, -4*s + 4*r + 64 = -0*r. Suppose 3*j - 2*j - s = 0. What is the highest common factor of 8 and j?
8
Suppose -252 - 568 = 10*c. Let u be c*-4*(-3)/(-6). What is the highest common divisor of u and 410?
82
Suppose 4*v - 59 = -a + 10, a + v = 87. Suppose 0*q + q + 3*d = 18, -3*q + 59 = 4*d. Let h = a + q. What is the highest common factor of h and 76?
38
Suppose -42 + 672 = 10*m. Suppose 178 - m = n. What is the greatest common divisor of n and 5?
5
Let i = -40 + 40. Let a(m) = 2*m + 5. Let o be a(i). Suppose -5*u - 3*l + 93 = 31, -34 = -o*u + 4*l. What is the highest common divisor of u and 25?
5
Let f be (-2)/(-3) + (-80620)/(-30). Suppose 18*d - f = 11*d. Calculate the highest common divisor of 12 and d.
12
Let y = 231 + -151. Suppose -81*k = -36*k - 225. What is the highest common factor of y and k?
5
Suppose -747*d - 573775 = -777706. Let q = 189 + -98. Calculate the greatest common divisor of d and q.
91
Suppose 46*j - 2228 = 4011 + 385. What is the highest common divisor of j and 1704?
24
Let c = 1745 + -1558. Let u(r) = r**2 + 10*r - 12. Let t be u(4). What is the highest common factor of t and c?
11
Let d(g) = 6*g**2 + 6*g + 12. Let b = -26 - -32. Suppose -6*t - 30 = -b. Let s be d(t). Calculate the greatest common factor of 12 and s.
12
Suppose 43*d - 4210 = 38*d. Let c = d + -840. What is the greatest common divisor of c and 1?
1
Let r = 3974 - 3952. Calculate the highest common factor of r and 3586.
22
Let c = 16296 - 16260. Calculate the greatest common divisor of c and 441.
9
Let d be 3/(18/(-264))*-4*21/112. What is the highest common factor of 1716 and d?
33
Suppose -d - 91 = 3*f, 6*d - 2*d + f + 364 = 0. Let w(x) = -x**2 + 12. Let g be w(-10). Let u = g - d. Calculate the highest common factor of 27 and u.
3
Let c(n) be the first derivative of -n**4/4 + 10*n**3/3 + 2*n**2 - 34*n + 73. Let k be c(10). What is the greatest common factor of 150 and k?
6
Let t(v) = 71*v + 1299. Let j be t(-17). What is the greatest common factor of j and 368?
92
Let y = -7964 + 18871. What is the highest common divisor of 13 and y?
13
Let h = 3 + -4. Let k be (h/(-2))/(2/24). Let v(m) = 15*m - 279. Let r be v(23). Calculate the greatest common divisor of r and k.
6
Let x(m) = -2*m**2 + 55*m + 932. Let d be x(-11). What is the highest common factor of 2533 and d?
17
Let w(q) = -q**3 - 4*q**2 - 6*q - 7. Let l be w(-3). Let v be (310/(-30))/(l/(-6)). Suppose 34*c - v*c = 39. Calculate the highest common factor of c and 13.
13
Let w = 5772 - 5427. What is the highest common factor of 805 and w?
115
Suppose -3*m + 285 = 3*f, -217*f + 4*m + 466 = -212*